{"id":161,"date":"2020-12-11T07:04:11","date_gmt":"2020-12-11T07:04:11","guid":{"rendered":"https:\/\/gaviaspreview.com\/wp\/sominx\/?post_type=footer&#038;p=161"},"modified":"2025-08-28T17:57:14","modified_gmt":"2025-08-28T20:57:14","slug":"services","status":"publish","type":"page","link":"http:\/\/grupoesocial.com.br\/novosite\/services\/","title":{"rendered":"Servi\u00e7os"},"content":{"rendered":"\t\t<div data-elementor-type=\"wp-post\" data-elementor-id=\"161\" class=\"elementor elementor-161\">\n\t\t\t\t\t\t<section class=\"elementor-section elementor-top-section elementor-element elementor-element-f488ccc elementor-section-full_width elementor-section-height-default elementor-section-height-default\" data-id=\"f488ccc\" data-element_type=\"section\" data-settings=\"{&quot;background_background&quot;:&quot;slideshow&quot;,&quot;background_slideshow_gallery&quot;:[{&quot;id&quot;:1404,&quot;url&quot;:&quot;https:\\\/\\\/gaviaspreview.com\\\/wp\\\/sominx\\\/wp-content\\\/uploads\\\/2022\\\/03\\\/breadcrumb-2.jpg&quot;},{&quot;id&quot;:1008,&quot;url&quot;:&quot;https:\\\/\\\/gaviaspreview.com\\\/wp\\\/sominx\\\/wp-content\\\/uploads\\\/2021\\\/10\\\/breadcrumb.jpg&quot;}],&quot;background_slideshow_ken_burns&quot;:&quot;yes&quot;,&quot;background_slideshow_loop&quot;:&quot;yes&quot;,&quot;background_slideshow_slide_duration&quot;:5000,&quot;background_slideshow_slide_transition&quot;:&quot;fade&quot;,&quot;background_slideshow_transition_duration&quot;:500,&quot;background_slideshow_ken_burns_zoom_direction&quot;:&quot;in&quot;}\">\n\t\t\t\t\t\t\t<div class=\"elementor-background-overlay\"><\/div>\n\t\t\t\t\t\t\t<div class=\"elementor-container elementor-column-gap-default\">\n\t\t\t\t\t<div class=\"elementor-column elementor-col-100 elementor-top-column elementor-element elementor-element-5fda3c0\" data-id=\"5fda3c0\" data-element_type=\"column\">\n\t\t\t<div class=\"elementor-widget-wrap elementor-element-populated\">\n\t\t\t\t\t\t<div class=\"elementor-element elementor-element-e0a2269 elementor-widget elementor-widget-gva_post_breadcrumb\" data-id=\"e0a2269\" data-element_type=\"widget\" data-widget_type=\"gva_post_breadcrumb.default\">\n\t\t\t\t<div class=\"elementor-widget-container\">\n\t\t\t\t\t<div class=\"gva-element-gva_post_breadcrumb gva-element\">   \r\n<div class=\"post-breadcrumb\">\r\n   <div class=\"custom-breadcrumb \" >\r\n            <div class=\"breadcrumb-main\">\r\n        <div class=\"container\">\r\n          <div class=\"breadcrumb-container-inner\">\r\n            <h2 class=\"heading-title\">Servi\u00e7os<\/h2><ol class=\"breadcrumb\"><li><a href=\"http:\/\/grupoesocial.com.br\/novosite\">Home<\/a> <\/li> <li class=\"active\">P\u00e1gina<\/li><\/ol>          <\/div>  \r\n        <\/div>   \r\n      <\/div>  \r\n   <\/div>\r\n<\/div>      \r\n\r\n<\/div>\t\t\t\t<\/div>\n\t\t\t\t<\/div>\n\t\t\t\t\t<\/div>\n\t\t<\/div>\n\t\t\t\t\t<\/div>\n\t\t<\/section>\n\t\t\t\t<section class=\"elementor-section elementor-top-section elementor-element elementor-element-8958c4b elementor-section-boxed elementor-section-height-default elementor-section-height-default\" data-id=\"8958c4b\" data-element_type=\"section\">\n\t\t\t\t\t\t<div class=\"elementor-container elementor-column-gap-default\">\n\t\t\t\t\t<div class=\"elementor-column elementor-col-50 elementor-top-column elementor-element elementor-element-bdafdf4\" data-id=\"bdafdf4\" data-element_type=\"column\">\n\t\t\t<div class=\"elementor-widget-wrap elementor-element-populated\">\n\t\t\t\t\t\t<div class=\"elementor-element elementor-element-f3d8a6d elementor-widget elementor-widget-heading\" data-id=\"f3d8a6d\" data-element_type=\"widget\" data-widget_type=\"heading.default\">\n\t\t\t\t\t<h2 class=\"elementor-heading-title elementor-size-default\">Nossos P\u00fablicos Atendidos<\/h2>\t\t\t\t<\/div>\n\t\t\t\t<div class=\"elementor-element elementor-element-d2da1bf elementor-icon-list--layout-traditional elementor-list-item-link-full_width elementor-widget elementor-widget-icon-list\" data-id=\"d2da1bf\" data-element_type=\"widget\" data-widget_type=\"icon-list.default\">\n\t\t\t\t\t\t\t<ul class=\"elementor-icon-list-items\">\n\t\t\t\t\t\t\t<li class=\"elementor-icon-list-item\">\n\t\t\t\t\t\t\t\t\t\t\t<span class=\"elementor-icon-list-icon\">\n\t\t\t\t\t\t\t<i aria-hidden=\"true\" class=\"fas fa-dot-circle\"><\/i>\t\t\t\t\t\t<\/span>\n\t\t\t\t\t\t\t\t\t\t<span class=\"elementor-icon-list-text\">Jovens e adultos em situa\u00e7\u00e3o de vulnerabilidade<\/span>\n\t\t\t\t\t\t\t\t\t<\/li>\n\t\t\t\t\t\t\t\t<li class=\"elementor-icon-list-item\">\n\t\t\t\t\t\t\t\t\t\t\t<span class=\"elementor-icon-list-icon\">\n\t\t\t\t\t\t\t<i aria-hidden=\"true\" class=\"fas fa-dot-circle\"><\/i>\t\t\t\t\t\t<\/span>\n\t\t\t\t\t\t\t\t\t\t<span class=\"elementor-icon-list-text\">Trabalhadores informais e microempreendedores<\/span>\n\t\t\t\t\t\t\t\t\t<\/li>\n\t\t\t\t\t\t\t\t<li class=\"elementor-icon-list-item\">\n\t\t\t\t\t\t\t\t\t\t\t<span class=\"elementor-icon-list-icon\">\n\t\t\t\t\t\t\t<i aria-hidden=\"true\" class=\"fas fa-dot-circle\"><\/i>\t\t\t\t\t\t<\/span>\n\t\t\t\t\t\t\t\t\t\t<span class=\"elementor-icon-list-text\">Fam\u00edlias em situa\u00e7\u00e3o de risco<\/span>\n\t\t\t\t\t\t\t\t\t<\/li>\n\t\t\t\t\t\t<\/ul>\n\t\t\t\t\t\t<\/div>\n\t\t\t\t<div class=\"elementor-element elementor-element-c5be774 elementor-widget elementor-widget-text-editor\" data-id=\"c5be774\" data-element_type=\"widget\" data-widget_type=\"text-editor.default\">\n\t\t\t\t\t\t\t\t\t<p><span style=\"font-weight: 400;\">Conectamos solu\u00e7\u00f5es sociais a quem precisa delas: pessoas, comunidades e institui\u00e7\u00f5es em busca de transforma\u00e7\u00e3o real. Atuamos nas periferias urbanas, zonas rurais e regi\u00f5es com alta vulnerabilidade, levando nossos projetos a jovens, trabalhadores informais, fam\u00edlias em risco e gestores p\u00fablicos que precisam de apoio para implementar pol\u00edticas sociais.\u00a0<\/span><\/p><p><span style=\"font-weight: 400;\">Com metodologia validada, equipe especializada e resultados comprovados, somos o parceiro ideal para levar transforma\u00e7\u00e3o concreta ao seu munic\u00edpio com efici\u00eancia, transpar\u00eancia e impacto.<\/span><\/p>\t\t\t\t\t\t\t\t<\/div>\n\t\t\t\t\t<\/div>\n\t\t<\/div>\n\t\t\t\t<div class=\"elementor-column elementor-col-50 elementor-top-column elementor-element elementor-element-58dd0fc\" data-id=\"58dd0fc\" data-element_type=\"column\">\n\t\t\t<div class=\"elementor-widget-wrap elementor-element-populated\">\n\t\t\t\t\t\t<div class=\"elementor-element elementor-element-bfbc7b0 elementor-widget elementor-widget-image\" data-id=\"bfbc7b0\" data-element_type=\"widget\" data-widget_type=\"image.default\">\n\t\t\t\t\t\t\t\t\t\t\t\t\t\t\t<img fetchpriority=\"high\" decoding=\"async\" width=\"768\" height=\"512\" src=\"http:\/\/grupoesocial.com.br\/novosite\/wp-content\/uploads\/2025\/08\/E-Social-POT-4-1-768x512.jpg\" class=\"attachment-medium_large size-medium_large wp-image-1588\" alt=\"\" srcset=\"http:\/\/grupoesocial.com.br\/novosite\/wp-content\/uploads\/2025\/08\/E-Social-POT-4-1-768x512.jpg 768w, http:\/\/grupoesocial.com.br\/novosite\/wp-content\/uploads\/2025\/08\/E-Social-POT-4-1-scaled-600x400.jpg 600w, http:\/\/grupoesocial.com.br\/novosite\/wp-content\/uploads\/2025\/08\/E-Social-POT-4-1-1024x683.jpg 1024w\" sizes=\"(max-width: 768px) 100vw, 768px\" \/>\t\t\t\t\t\t\t\t\t\t\t\t\t\t\t<\/div>\n\t\t\t\t\t<\/div>\n\t\t<\/div>\n\t\t\t\t\t<\/div>\n\t\t<\/section>\n\t\t\t\t<section class=\"elementor-section elementor-top-section elementor-element elementor-element-c25d842 elementor-section-boxed elementor-section-height-default elementor-section-height-default\" data-id=\"c25d842\" data-element_type=\"section\">\n\t\t\t\t\t\t<div class=\"elementor-container elementor-column-gap-no\">\n\t\t\t\t\t<div class=\"elementor-column elementor-col-33 elementor-top-column elementor-element elementor-element-cd5203f\" data-id=\"cd5203f\" data-element_type=\"column\">\n\t\t\t<div class=\"elementor-widget-wrap elementor-element-populated\">\n\t\t\t\t\t\t<div class=\"elementor-element elementor-element-bf04fb6 elementor-widget elementor-widget-gva-image-content\" data-id=\"bf04fb6\" data-element_type=\"widget\" data-widget_type=\"gva-image-content.default\">\n\t\t\t\t<div class=\"elementor-widget-container\">\n\t\t\t\t\t<div class=\"gva-element-gva-image-content gva-element\">\t\t\r\n\t  \r\n\t \r\n\r\n\t \r\n\r\n\t\r\n \r\n\r\n  \r\n\r\n  <div class=\"gsc-image-content skin-v6\">\r\n\t <div class=\"box-content\">\r\n\t\t<div class=\"content-inner\">\r\n\t\t\t\t\t\t\t<h2 class=\"title\">\r\n\t\t\t\t\tExcel\u00eancia\nOperacional\t\t\t\t<\/h2>\r\n\t\t\t\t\t\t<div class=\"desc\"><\/div>\r\n\t\t\t\t\t<\/div>\r\n\t\t\t\t\t<span class=\"bg-image\" style=\"background-image:url('http:\/\/grupoesocial.com.br\/novosite\/wp-content\/uploads\/2025\/08\/image8.jpg')\"><\/span>\r\n\t\t\t <\/div>  \r\n  <\/div>\r\n \r\n\r\n <\/div>\t\t\t\t<\/div>\n\t\t\t\t<\/div>\n\t\t\t\t\t<\/div>\n\t\t<\/div>\n\t\t\t\t<div class=\"elementor-column elementor-col-33 elementor-top-column elementor-element elementor-element-15c49cc\" data-id=\"15c49cc\" data-element_type=\"column\">\n\t\t\t<div class=\"elementor-widget-wrap elementor-element-populated\">\n\t\t\t\t\t\t<div class=\"elementor-element elementor-element-67aaf59 elementor-widget elementor-widget-gva-image-content\" data-id=\"67aaf59\" data-element_type=\"widget\" data-widget_type=\"gva-image-content.default\">\n\t\t\t\t<div class=\"elementor-widget-container\">\n\t\t\t\t\t<div class=\"gva-element-gva-image-content gva-element\">\t\t\r\n\t  \r\n\t \r\n\r\n\t \r\n\r\n\t\r\n \r\n\r\n  \r\n\r\n  <div class=\"gsc-image-content skin-v6\">\r\n\t <div class=\"box-content\">\r\n\t\t<div class=\"content-inner\">\r\n\t\t\t\t\t\t\t<h2 class=\"title\">\r\n\t\t\t\t\tNeg\u00f3cios em Crescimento\t\t\t\t<\/h2>\r\n\t\t\t\t\t\t<div class=\"desc\"><\/div>\r\n\t\t\t\t\t<\/div>\r\n\t\t\t\t\t<span class=\"bg-image\" style=\"background-image:url('http:\/\/grupoesocial.com.br\/novosite\/wp-content\/uploads\/2025\/08\/image4.jpg')\"><\/span>\r\n\t\t\t <\/div>  \r\n  <\/div>\r\n \r\n\r\n <\/div>\t\t\t\t<\/div>\n\t\t\t\t<\/div>\n\t\t\t\t\t<\/div>\n\t\t<\/div>\n\t\t\t\t<div class=\"elementor-column elementor-col-33 elementor-top-column elementor-element elementor-element-71098a0\" data-id=\"71098a0\" data-element_type=\"column\">\n\t\t\t<div class=\"elementor-widget-wrap elementor-element-populated\">\n\t\t\t\t\t\t<div class=\"elementor-element elementor-element-74c16cc elementor-widget elementor-widget-gva-image-content\" data-id=\"74c16cc\" data-element_type=\"widget\" data-widget_type=\"gva-image-content.default\">\n\t\t\t\t<div class=\"elementor-widget-container\">\n\t\t\t\t\t<div class=\"gva-element-gva-image-content gva-element\">\t\t\r\n\t  \r\n\t \r\n\r\n\t \r\n\r\n\t\r\n \r\n\r\n  \r\n\r\n  <div class=\"gsc-image-content skin-v6\">\r\n\t <div class=\"box-content\">\r\n\t\t<div class=\"content-inner\">\r\n\t\t\t\t\t\t\t<h2 class=\"title\">\r\n\t\t\t\t\tConstruindo\nRelacionamentos\t\t\t\t<\/h2>\r\n\t\t\t\t\t\t<div class=\"desc\"><\/div>\r\n\t\t\t\t\t<\/div>\r\n\t\t\t\t\t<span class=\"bg-image\" style=\"background-image:url('http:\/\/grupoesocial.com.br\/novosite\/wp-content\/uploads\/2025\/08\/image12.jpg')\"><\/span>\r\n\t\t\t <\/div>  \r\n  <\/div>\r\n \r\n\r\n <\/div>\t\t\t\t<\/div>\n\t\t\t\t<\/div>\n\t\t\t\t\t<\/div>\n\t\t<\/div>\n\t\t\t\t\t<\/div>\n\t\t<\/section>\n\t\t\t\t<section class=\"elementor-section elementor-top-section elementor-element elementor-element-9e472c2 elementor-section-boxed elementor-section-height-default elementor-section-height-default\" data-id=\"9e472c2\" data-element_type=\"section\">\n\t\t\t\t\t\t<div class=\"elementor-container elementor-column-gap-default\">\n\t\t\t\t\t<div class=\"elementor-column elementor-col-50 elementor-top-column elementor-element elementor-element-867abb9\" data-id=\"867abb9\" data-element_type=\"column\">\n\t\t\t<div class=\"elementor-widget-wrap elementor-element-populated\">\n\t\t\t\t\t\t<div class=\"elementor-element elementor-element-6748936 elementor-widget__width-initial elementor-widget elementor-widget-image\" data-id=\"6748936\" data-element_type=\"widget\" data-widget_type=\"image.default\">\n\t\t\t\t\t\t\t\t\t\t\t\t\t\t\t<img decoding=\"async\" width=\"600\" height=\"540\" src=\"http:\/\/grupoesocial.com.br\/novosite\/wp-content\/uploads\/2025\/08\/grupo_esocial_3-1-600x540.jpg\" class=\"attachment-medium size-medium wp-image-1589\" alt=\"\" \/>\t\t\t\t\t\t\t\t\t\t\t\t\t\t\t<\/div>\n\t\t\t\t\t<\/div>\n\t\t<\/div>\n\t\t\t\t<div class=\"elementor-column elementor-col-50 elementor-top-column elementor-element elementor-element-7a04fd2\" data-id=\"7a04fd2\" data-element_type=\"column\">\n\t\t\t<div class=\"elementor-widget-wrap elementor-element-populated\">\n\t\t\t\t\t\t<div class=\"elementor-element elementor-element-992a58f elementor-widget elementor-widget-heading\" data-id=\"992a58f\" data-element_type=\"widget\" data-widget_type=\"heading.default\">\n\t\t\t\t\t<h2 class=\"elementor-heading-title elementor-size-default\">Nossos benefici\u00e1rios conquistam novas oportunidades profissionais, novas hist\u00f3rias de vida e novos caminhos.<\/h2>\t\t\t\t<\/div>\n\t\t\t\t<div class=\"elementor-element elementor-element-577275a elementor-widget elementor-widget-text-editor\" data-id=\"577275a\" data-element_type=\"widget\" data-widget_type=\"text-editor.default\">\n\t\t\t\t\t\t\t\t\t<p><span style=\"font-weight: 400;\">Acreditamos no protagonismo social e econ\u00f4mico das pessoas como motor da transforma\u00e7\u00e3o.<\/span><\/p>\t\t\t\t\t\t\t\t<\/div>\n\t\t\t\t<div class=\"elementor-element elementor-element-f14c567 elementor-widget elementor-widget-heading\" data-id=\"f14c567\" data-element_type=\"widget\" data-widget_type=\"heading.default\">\n\t\t\t\t\t<h2 class=\"elementor-heading-title elementor-size-default\">Transformando vidas nas \u00e1reas de: <\/h2>\t\t\t\t<\/div>\n\t\t\t\t<div class=\"elementor-element elementor-element-4b772f2 elementor-icon-list--layout-traditional elementor-list-item-link-full_width elementor-widget elementor-widget-icon-list\" data-id=\"4b772f2\" data-element_type=\"widget\" data-widget_type=\"icon-list.default\">\n\t\t\t\t\t\t\t<ul class=\"elementor-icon-list-items\">\n\t\t\t\t\t\t\t<li class=\"elementor-icon-list-item\">\n\t\t\t\t\t\t\t\t\t\t\t<span class=\"elementor-icon-list-icon\">\n\t\t\t\t\t\t\t<i aria-hidden=\"true\" class=\"fas fa-dot-circle\"><\/i>\t\t\t\t\t\t<\/span>\n\t\t\t\t\t\t\t\t\t\t<span class=\"elementor-icon-list-text\">A\u00e7\u00f5es de gera\u00e7\u00e3o de renda, Gastronomia, Rob\u00f3tica, Constru\u00e7\u00e3o Civil, Beleza, Est\u00e9tica, Servi\u00e7os de Sa\u00fade.<\/span>\n\t\t\t\t\t\t\t\t\t<\/li>\n\t\t\t\t\t\t\t\t<li class=\"elementor-icon-list-item\">\n\t\t\t\t\t\t\t\t\t\t\t<span class=\"elementor-icon-list-icon\">\n\t\t\t\t\t\t\t<i aria-hidden=\"true\" class=\"fas fa-dot-circle\"><\/i>\t\t\t\t\t\t<\/span>\n\t\t\t\t\t\t\t\t\t\t<span class=\"elementor-icon-list-text\">Gerenciamento de projetos de impacto social.<\/span>\n\t\t\t\t\t\t\t\t\t<\/li>\n\t\t\t\t\t\t\t\t<li class=\"elementor-icon-list-item\">\n\t\t\t\t\t\t\t\t\t\t\t<span class=\"elementor-icon-list-icon\">\n\t\t\t\t\t\t\t<i aria-hidden=\"true\" class=\"fas fa-dot-circle\"><\/i>\t\t\t\t\t\t<\/span>\n\t\t\t\t\t\t\t\t\t\t<span class=\"elementor-icon-list-text\">Cadastro \u00fanico, programas de erradica\u00e7\u00e3o do trabalho infantil, programa de empregabilidade, sustentabilidade e gera\u00e7\u00e3o de renda e emprego.<\/span>\n\t\t\t\t\t\t\t\t\t<\/li>\n\t\t\t\t\t\t\t\t<li class=\"elementor-icon-list-item\">\n\t\t\t\t\t\t\t\t\t\t\t<span class=\"elementor-icon-list-icon\">\n\t\t\t\t\t\t\t<i aria-hidden=\"true\" class=\"fas fa-dot-circle\"><\/i>\t\t\t\t\t\t<\/span>\n\t\t\t\t\t\t\t\t\t\t<span class=\"elementor-icon-list-text\">Atendimento Descentralizado com Unidades M\u00f3veis - Projeto Casa do Futuro.<\/span>\n\t\t\t\t\t\t\t\t\t<\/li>\n\t\t\t\t\t\t<\/ul>\n\t\t\t\t\t\t<\/div>\n\t\t\t\t\t<\/div>\n\t\t<\/div>\n\t\t\t\t\t<\/div>\n\t\t<\/section>\n\t\t\t\t<section class=\"elementor-section elementor-top-section elementor-element elementor-element-e38ea19 elementor-section-boxed elementor-section-height-default elementor-section-height-default\" data-id=\"e38ea19\" data-element_type=\"section\">\n\t\t\t\t\t\t<div class=\"elementor-container elementor-column-gap-default\">\n\t\t\t\t\t<div class=\"elementor-column elementor-col-50 elementor-top-column elementor-element elementor-element-85952de\" data-id=\"85952de\" data-element_type=\"column\">\n\t\t\t<div class=\"elementor-widget-wrap elementor-element-populated\">\n\t\t\t\t\t\t<div class=\"elementor-element elementor-element-dad1fae elementor-widget elementor-widget-heading\" data-id=\"dad1fae\" data-element_type=\"widget\" data-widget_type=\"heading.default\">\n\t\t\t\t\t<h2 class=\"elementor-heading-title elementor-size-default\">Essas s\u00e3o as organiza\u00e7\u00f5es<br>\nQue<span style=\"background-color: #ff9400;color: #fff\"> j\u00e1 conhecem a qualidade<\/span> dos nossos Servi\u00e7os<br> \nem parceria internacional com a Brazil Foundation.\n<\/h2>\t\t\t\t<\/div>\n\t\t\t\t<div class=\"elementor-element elementor-element-2712cb2 elementor-widget elementor-widget-image\" data-id=\"2712cb2\" data-element_type=\"widget\" data-widget_type=\"image.default\">\n\t\t\t\t\t\t\t\t\t\t\t\t\t\t\t<img decoding=\"async\" width=\"175\" height=\"175\" src=\"http:\/\/grupoesocial.com.br\/novosite\/wp-content\/uploads\/2025\/08\/image15-175x175.png\" class=\"attachment-thumbnail size-thumbnail wp-image-1591\" alt=\"\" srcset=\"http:\/\/grupoesocial.com.br\/novosite\/wp-content\/uploads\/2025\/08\/image15-175x175.png 175w, http:\/\/grupoesocial.com.br\/novosite\/wp-content\/uploads\/2025\/08\/image15-300x300.png 300w, http:\/\/grupoesocial.com.br\/novosite\/wp-content\/uploads\/2025\/08\/image15-100x100.png 100w, http:\/\/grupoesocial.com.br\/novosite\/wp-content\/uploads\/2025\/08\/image15-600x600.png 600w, http:\/\/grupoesocial.com.br\/novosite\/wp-content\/uploads\/2025\/08\/image15-1024x1024.png 1024w, http:\/\/grupoesocial.com.br\/novosite\/wp-content\/uploads\/2025\/08\/image15-768x768.png 768w, http:\/\/grupoesocial.com.br\/novosite\/wp-content\/uploads\/2025\/08\/image15.png 1080w\" sizes=\"(max-width: 175px) 100vw, 175px\" \/>\t\t\t\t\t\t\t\t\t\t\t\t\t\t\t<\/div>\n\t\t\t\t\t<\/div>\n\t\t<\/div>\n\t\t\t\t<div class=\"elementor-column elementor-col-50 elementor-top-column elementor-element elementor-element-274002d\" data-id=\"274002d\" data-element_type=\"column\">\n\t\t\t<div class=\"elementor-widget-wrap elementor-element-populated\">\n\t\t\t\t\t\t<div class=\"elementor-element elementor-element-bd1da6e elementor-widget elementor-widget-image\" data-id=\"bd1da6e\" data-element_type=\"widget\" data-widget_type=\"image.default\">\n\t\t\t\t\t\t\t\t\t\t\t\t\t\t\t<img loading=\"lazy\" decoding=\"async\" width=\"800\" height=\"666\" src=\"http:\/\/grupoesocial.com.br\/novosite\/wp-content\/uploads\/2025\/08\/image10-1024x852.jpg\" class=\"attachment-large size-large wp-image-1590\" alt=\"\" srcset=\"http:\/\/grupoesocial.com.br\/novosite\/wp-content\/uploads\/2025\/08\/image10-1024x852.jpg 1024w, http:\/\/grupoesocial.com.br\/novosite\/wp-content\/uploads\/2025\/08\/image10-600x499.jpg 600w, http:\/\/grupoesocial.com.br\/novosite\/wp-content\/uploads\/2025\/08\/image10-768x639.jpg 768w, http:\/\/grupoesocial.com.br\/novosite\/wp-content\/uploads\/2025\/08\/image10.jpg 1735w\" sizes=\"(max-width: 800px) 100vw, 800px\" \/>\t\t\t\t\t\t\t\t\t\t\t\t\t\t\t<\/div>\n\t\t\t\t\t<\/div>\n\t\t<\/div>\n\t\t\t\t\t<\/div>\n\t\t<\/section>\n\t\t\t\t<\/div>\n\t\t","protected":false},"excerpt":{"rendered":"<p>Servi\u00e7os Home P\u00e1gina Nossos P\u00fablicos Atendidos Jovens e adultos em situa\u00e7\u00e3o de vulnerabilidade Trabalhadores informais e microempreendedores Fam\u00edlias em situa\u00e7\u00e3o de risco Conectamos solu\u00e7\u00f5es sociais a quem precisa delas: pessoas, [&hellip;]<\/p>\n","protected":false},"author":1,"featured_media":0,"parent":0,"menu_order":0,"comment_status":"closed","ping_status":"closed","template":"","meta":{"footnotes":""},"class_list":["post-161","page","type-page","status-publish","hentry"],"_links":{"self":[{"href":"http:\/\/grupoesocial.com.br\/novosite\/wp-json\/wp\/v2\/pages\/161","targetHints":{"allow":["GET"]}}],"collection":[{"href":"http:\/\/grupoesocial.com.br\/novosite\/wp-json\/wp\/v2\/pages"}],"about":[{"href":"http:\/\/grupoesocial.com.br\/novosite\/wp-json\/wp\/v2\/types\/page"}],"author":[{"embeddable":true,"href":"http:\/\/grupoesocial.com.br\/novosite\/wp-json\/wp\/v2\/users\/1"}],"replies":[{"embeddable":true,"href":"http:\/\/grupoesocial.com.br\/novosite\/wp-json\/wp\/v2\/comments?post=161"}],"version-history":[{"count":23,"href":"http:\/\/grupoesocial.com.br\/novosite\/wp-json\/wp\/v2\/pages\/161\/revisions"}],"predecessor-version":[{"id":1788,"href":"http:\/\/grupoesocial.com.br\/novosite\/wp-json\/wp\/v2\/pages\/161\/revisions\/1788"}],"wp:attachment":[{"href":"http:\/\/grupoesocial.com.br\/novosite\/wp-json\/wp\/v2\/media?parent=161"}],"curies":[{"name":"wp","href":"https:\/\/api.w.org\/{rel}","templated":true}]}}